{"id":6336,"date":"2020-10-19T14:57:17","date_gmt":"2020-10-19T12:57:17","guid":{"rendered":"https:\/\/guenther-gruppe.de\/nissan\/?page_id=6336"},"modified":"2025-07-11T12:05:53","modified_gmt":"2025-07-11T10:05:53","slug":"impressum","status":"publish","type":"page","link":"https:\/\/guenther-gruppe.de\/nissan\/impressum\/","title":{"rendered":"Impressum"},"content":{"rendered":"<p><div class=\"fusion-fullwidth fullwidth-box fusion-builder-row-1 fusion-flex-container nonhundred-percent-fullwidth non-hundred-percent-height-scrolling\" style=\"--awb-border-radius-top-left:0px;--awb-border-radius-top-right:0px;--awb-border-radius-bottom-right:0px;--awb-border-radius-bottom-left:0px;--awb-padding-top:50px;--awb-padding-right:20%;--awb-padding-bottom:0px;--awb-padding-left:20%;--awb-padding-top-small:0px;--awb-padding-right-small:50px;--awb-padding-bottom-small:20px;--awb-padding-left-small:50px;\" ><div class=\"fusion-builder-row fusion-row fusion-flex-align-items-flex-start\" style=\"max-width:1352px;margin-left: calc(-4% \/ 2 );margin-right: calc(-4% \/ 2 );\"><div class=\"fusion-layout-column fusion_builder_column fusion-builder-column-0 fusion_builder_column_1_1 1_1 fusion-flex-column\" style=\"--awb-bg-size:cover;--awb-width-large:100%;--awb-margin-top-large:0px;--awb-spacing-right-large:1.92%;--awb-margin-bottom-large:20px;--awb-spacing-left-large:1.92%;--awb-width-medium:100%;--awb-spacing-right-medium:1.92%;--awb-spacing-left-medium:1.92%;--awb-width-small:100%;--awb-margin-top-small:0px;--awb-spacing-right-small:1.92%;--awb-spacing-left-small:1.92%;\"><div class=\"fusion-column-wrapper fusion-flex-justify-content-flex-start fusion-content-layout-column\"><div class=\"fusion-text fusion-text-1\"><h1 data-lineheight=\"34\" data-fontsize=\"30\">Impressum<\/h1>\n<\/div><div class=\"fusion-separator fusion-full-width-sep\" style=\"align-self: center;margin-left: auto;margin-right: auto;margin-top:20px;margin-bottom:0px;width:100%;\"><div class=\"fusion-separator-border sep-single sep-solid\" style=\"--awb-height:20px;--awb-amount:20px;border-color:#e0dede;border-top-width:1px;\"><\/div><\/div><\/div><\/div><\/div><\/div><div class=\"fusion-fullwidth fullwidth-box fusion-builder-row-2 fusion-flex-container nonhundred-percent-fullwidth non-hundred-percent-height-scrolling\" style=\"--awb-background-position:left top;--awb-border-radius-top-left:0px;--awb-border-radius-top-right:0px;--awb-border-radius-bottom-right:0px;--awb-border-radius-bottom-left:0px;--awb-padding-top:0px;--awb-padding-right:20%;--awb-padding-bottom:0px;--awb-padding-left:20%;--awb-padding-right-small:50px;--awb-padding-left-small:50px;\" ><div class=\"fusion-builder-row fusion-row fusion-flex-align-items-flex-start\" style=\"max-width:1352px;margin-left: calc(-4% \/ 2 );margin-right: calc(-4% \/ 2 );\"><div class=\"fusion-layout-column fusion_builder_column fusion-builder-column-1 fusion_builder_column_1_1 1_1 fusion-flex-column\" style=\"--awb-bg-size:cover;--awb-width-large:100%;--awb-margin-top-large:0px;--awb-spacing-right-large:1.92%;--awb-margin-bottom-large:20px;--awb-spacing-left-large:1.92%;--awb-width-medium:100%;--awb-spacing-right-medium:1.92%;--awb-spacing-left-medium:1.92%;--awb-width-small:100%;--awb-spacing-right-small:1.92%;--awb-spacing-left-small:1.92%;\"><div class=\"fusion-column-wrapper fusion-flex-justify-content-flex-start fusion-content-layout-column\"><div class=\"fusion-text fusion-text-2\"><p>Autohaus G\u00fcnther GmbH<br \/>\nPoppenb\u00fctteler Bogen 33<br \/>\n22399 Hamburg<\/p>\n<p>Telefon: (040) 636696-0<br \/>\nTelefax: (040) 636696-66<\/p>\n<p>Handelsregisternr.: HRB 43686<br \/>\nHandelsregister und Registergericht: Amtsgericht Hamburg<br \/>\nUmsatzsteueridentifikationsnummer (gem\u00e4\u00df \u00a727a Umsatzsteuergesetz): DE 118636998<br \/>\nVertretungsberechtigte(r): Ben G\u00fcnther<br \/>\nVerantwortlicher i.S.d. \u00a7 18 MStV: Ben G\u00fcnther<br \/>\nE-Mail: <a href=\"mailto:info@guenther-gruppe.de\" target=\"_blank\" rel=\"noopener\">info@guenther-gruppe.de<\/a><\/p>\n<p>Alle Rechte vorbehalten. Texte, Bilder, Grafiken, Sound, Animationen und Videos unterliegen dem Schutz des Urheberrechts und anderer Schutzgesetze. Der Inhalt dieser Website darf nicht zu kommerziellen Zwecken verbreitet oder Dritten zug\u00e4nglich gemacht werden. Irrt\u00fcmer und \u00c4nderungen vorbehalten.<\/p>\n<p>Sollten wir auf diesen Seiten Verkn\u00fcpfungen zu anderen Seiten im Internet angelegt haben, so haben wir auf s\u00e4mtliche Links keinerlei Einfluss. Deshalb distanzieren wir uns hiermit ausdr\u00fccklich von allen Inhalten der verkn\u00fcpften Seiten. Diese Erkl\u00e4rung gilt f\u00fcr alle auf dieser Seite ausgebrachten Links und f\u00fcr alle Inhalte der Seiten, zu denen ggf. Banner f\u00fchren.<\/p>\n<p>Streitschlichtung<\/p>\n<p>Die Autohaus G\u00fcnther GmbH erkl\u00e4rt sich bei rechtlichen Konflikten mit Verbrauchern (\u00a7 13 BGB) bereit, an Verbraucherschlichtungsverfahren nach dem Verbraucherstreitbeilegungsgesetz teilzunehmen. Die fu\u0308r die Autohaus G\u00fcnther GmbH zust\u00e4ndige Verbraucherschlichtungsstelle ist die Allgemeine Verbraucherschlichtungsstelle des Zentrums fu\u0308r Schlichtung e.V. Stra\u00dfburger Stra\u00dfe 8, 77694 Kehl am Rhein Telefon 07851 \/ 795 79 40 Fax 07851 \/ 795 79 41 E-Mail: mail@verbraucher-schlichter.de Webseite: www.verbraucher-schlichter.de<\/p>\n<\/div><\/div><\/div><\/div><\/div><\/p>\n","protected":false},"excerpt":{"rendered":"","protected":false},"author":2,"featured_media":0,"parent":0,"menu_order":0,"comment_status":"closed","ping_status":"closed","template":"100-width.php","meta":{"_acf_changed":false,"footnotes":""},"class_list":["post-6336","page","type-page","status-publish","hentry"],"acf":[],"yoast_head":"<!-- This site is optimized with the Yoast SEO plugin v26.5 - https:\/\/yoast.com\/wordpress\/plugins\/seo\/ -->\n<title>Impressum - Nissan - Autohaus G\u00fcnther GmbH<\/title>\n<meta name=\"description\" content=\"Hier finden sie das Impressum der Autohaus G\u00fcnther GmbH.\" \/>\n<meta name=\"robots\" content=\"index, follow, max-snippet:-1, max-image-preview:large, max-video-preview:-1\" \/>\n<link rel=\"canonical\" href=\"https:\/\/guenther-gruppe.de\/nissan\/impressum\/\" \/>\n<meta property=\"og:locale\" content=\"de_DE\" \/>\n<meta property=\"og:type\" content=\"article\" \/>\n<meta property=\"og:title\" content=\"Impressum - Nissan - Autohaus G\u00fcnther GmbH\" \/>\n<meta property=\"og:description\" content=\"Hier finden sie das Impressum der Autohaus G\u00fcnther GmbH.\" \/>\n<meta property=\"og:url\" content=\"https:\/\/guenther-gruppe.de\/nissan\/impressum\/\" \/>\n<meta property=\"og:site_name\" content=\"Autohaus G\u00fcnther GmbH - Hamburgs gr\u00f6\u00dfter Nissan Vertragsh\u00e4ndler\" \/>\n<meta property=\"article:modified_time\" content=\"2025-07-11T10:05:53+00:00\" \/>\n<meta name=\"twitter:card\" content=\"summary_large_image\" \/>\n<meta name=\"twitter:label1\" content=\"Gesch\u00e4tzte Lesezeit\" \/>\n\t<meta name=\"twitter:data1\" content=\"3\u00a0Minuten\" \/>\n<script type=\"application\/ld+json\" class=\"yoast-schema-graph\">{\"@context\":\"https:\/\/schema.org\",\"@graph\":[{\"@type\":\"WebPage\",\"@id\":\"https:\/\/guenther-gruppe.de\/nissan\/impressum\/\",\"url\":\"https:\/\/guenther-gruppe.de\/nissan\/impressum\/\",\"name\":\"Impressum - Nissan - Autohaus G\u00fcnther GmbH\",\"isPartOf\":{\"@id\":\"https:\/\/guenther-gruppe.de\/nissan\/#website\"},\"datePublished\":\"2020-10-19T12:57:17+00:00\",\"dateModified\":\"2025-07-11T10:05:53+00:00\",\"description\":\"Hier finden sie das Impressum der Autohaus G\u00fcnther GmbH.\",\"breadcrumb\":{\"@id\":\"https:\/\/guenther-gruppe.de\/nissan\/impressum\/#breadcrumb\"},\"inLanguage\":\"de\",\"potentialAction\":[{\"@type\":\"ReadAction\",\"target\":[\"https:\/\/guenther-gruppe.de\/nissan\/impressum\/\"]}]},{\"@type\":\"BreadcrumbList\",\"@id\":\"https:\/\/guenther-gruppe.de\/nissan\/impressum\/#breadcrumb\",\"itemListElement\":[{\"@type\":\"ListItem\",\"position\":1,\"name\":\"Startseite\",\"item\":\"https:\/\/guenther-gruppe.de\/nissan\/\"},{\"@type\":\"ListItem\",\"position\":2,\"name\":\"Impressum\"}]},{\"@type\":\"WebSite\",\"@id\":\"https:\/\/guenther-gruppe.de\/nissan\/#website\",\"url\":\"https:\/\/guenther-gruppe.de\/nissan\/\",\"name\":\"Autohaus G\u00fcnther GmbH - Hamburgs gr\u00f6\u00dfter Nissan Vertragsh\u00e4ndler\",\"description\":\"Hamburgs gr\u00f6\u00dfter NISSAN H\u00e4ndler\",\"potentialAction\":[{\"@type\":\"SearchAction\",\"target\":{\"@type\":\"EntryPoint\",\"urlTemplate\":\"https:\/\/guenther-gruppe.de\/nissan\/?s={search_term_string}\"},\"query-input\":{\"@type\":\"PropertyValueSpecification\",\"valueRequired\":true,\"valueName\":\"search_term_string\"}}],\"inLanguage\":\"de\"}]}<\/script>\n<!-- \/ Yoast SEO plugin. -->","yoast_head_json":{"title":"Impressum - Nissan - Autohaus G\u00fcnther GmbH","description":"Hier finden sie das Impressum der Autohaus G\u00fcnther GmbH.","robots":{"index":"index","follow":"follow","max-snippet":"max-snippet:-1","max-image-preview":"max-image-preview:large","max-video-preview":"max-video-preview:-1"},"canonical":"https:\/\/guenther-gruppe.de\/nissan\/impressum\/","og_locale":"de_DE","og_type":"article","og_title":"Impressum - Nissan - Autohaus G\u00fcnther GmbH","og_description":"Hier finden sie das Impressum der Autohaus G\u00fcnther GmbH.","og_url":"https:\/\/guenther-gruppe.de\/nissan\/impressum\/","og_site_name":"Autohaus G\u00fcnther GmbH - Hamburgs gr\u00f6\u00dfter Nissan Vertragsh\u00e4ndler","article_modified_time":"2025-07-11T10:05:53+00:00","twitter_card":"summary_large_image","twitter_misc":{"Gesch\u00e4tzte Lesezeit":"3\u00a0Minuten"},"schema":{"@context":"https:\/\/schema.org","@graph":[{"@type":"WebPage","@id":"https:\/\/guenther-gruppe.de\/nissan\/impressum\/","url":"https:\/\/guenther-gruppe.de\/nissan\/impressum\/","name":"Impressum - Nissan - Autohaus G\u00fcnther GmbH","isPartOf":{"@id":"https:\/\/guenther-gruppe.de\/nissan\/#website"},"datePublished":"2020-10-19T12:57:17+00:00","dateModified":"2025-07-11T10:05:53+00:00","description":"Hier finden sie das Impressum der Autohaus G\u00fcnther GmbH.","breadcrumb":{"@id":"https:\/\/guenther-gruppe.de\/nissan\/impressum\/#breadcrumb"},"inLanguage":"de","potentialAction":[{"@type":"ReadAction","target":["https:\/\/guenther-gruppe.de\/nissan\/impressum\/"]}]},{"@type":"BreadcrumbList","@id":"https:\/\/guenther-gruppe.de\/nissan\/impressum\/#breadcrumb","itemListElement":[{"@type":"ListItem","position":1,"name":"Startseite","item":"https:\/\/guenther-gruppe.de\/nissan\/"},{"@type":"ListItem","position":2,"name":"Impressum"}]},{"@type":"WebSite","@id":"https:\/\/guenther-gruppe.de\/nissan\/#website","url":"https:\/\/guenther-gruppe.de\/nissan\/","name":"Autohaus G\u00fcnther GmbH - Hamburgs gr\u00f6\u00dfter Nissan Vertragsh\u00e4ndler","description":"Hamburgs gr\u00f6\u00dfter NISSAN H\u00e4ndler","potentialAction":[{"@type":"SearchAction","target":{"@type":"EntryPoint","urlTemplate":"https:\/\/guenther-gruppe.de\/nissan\/?s={search_term_string}"},"query-input":{"@type":"PropertyValueSpecification","valueRequired":true,"valueName":"search_term_string"}}],"inLanguage":"de"}]}},"_links":{"self":[{"href":"https:\/\/guenther-gruppe.de\/nissan\/wp-json\/wp\/v2\/pages\/6336","targetHints":{"allow":["GET"]}}],"collection":[{"href":"https:\/\/guenther-gruppe.de\/nissan\/wp-json\/wp\/v2\/pages"}],"about":[{"href":"https:\/\/guenther-gruppe.de\/nissan\/wp-json\/wp\/v2\/types\/page"}],"author":[{"embeddable":true,"href":"https:\/\/guenther-gruppe.de\/nissan\/wp-json\/wp\/v2\/users\/2"}],"replies":[{"embeddable":true,"href":"https:\/\/guenther-gruppe.de\/nissan\/wp-json\/wp\/v2\/comments?post=6336"}],"version-history":[{"count":4,"href":"https:\/\/guenther-gruppe.de\/nissan\/wp-json\/wp\/v2\/pages\/6336\/revisions"}],"predecessor-version":[{"id":1524782,"href":"https:\/\/guenther-gruppe.de\/nissan\/wp-json\/wp\/v2\/pages\/6336\/revisions\/1524782"}],"wp:attachment":[{"href":"https:\/\/guenther-gruppe.de\/nissan\/wp-json\/wp\/v2\/media?parent=6336"}],"curies":[{"name":"wp","href":"https:\/\/api.w.org\/{rel}","templated":true}]}}