{"id":4914,"date":"2022-08-12T16:28:57","date_gmt":"2022-08-12T14:28:57","guid":{"rendered":"https:\/\/guenther-gruppe.de\/isuzu\/?page_id=4914"},"modified":"2022-08-15T10:34:22","modified_gmt":"2022-08-15T08:34:22","slug":"probefahrt","status":"publish","type":"page","link":"https:\/\/guenther-gruppe.de\/isuzu\/probefahrt\/","title":{"rendered":"Probefahrt"},"content":{"rendered":"\t\t<div data-elementor-type=\"wp-page\" data-elementor-id=\"4914\" class=\"elementor elementor-4914\" data-elementor-post-type=\"page\">\n\t\t\t\t\t\t<section class=\"elementor-section elementor-top-section elementor-element elementor-element-afc180b elementor-section-full_width elementor-section-stretched elementor-hidden-mobile elementor-section-height-default elementor-section-height-default\" data-id=\"afc180b\" data-element_type=\"section\" data-settings=\"{&quot;stretch_section&quot;:&quot;section-stretched&quot;}\">\n\t\t\t\t\t\t<div class=\"elementor-container elementor-column-gap-default\">\n\t\t\t\t\t<div class=\"elementor-column elementor-col-100 elementor-top-column elementor-element elementor-element-33cdec3\" data-id=\"33cdec3\" data-element_type=\"column\">\n\t\t\t<div class=\"elementor-widget-wrap elementor-element-populated\">\n\t\t\t\t\t\t<div class=\"elementor-element elementor-element-7fa9d52 elementor-widget elementor-widget-image\" data-id=\"7fa9d52\" data-element_type=\"widget\" data-widget_type=\"image.default\">\n\t\t\t\t<div class=\"elementor-widget-container\">\n\t\t\t\t\t\t\t\t\t\t\t\t\t\t\t<img fetchpriority=\"high\" decoding=\"async\" width=\"1800\" height=\"630\" src=\"https:\/\/guenther-gruppe.de\/isuzu\/wp-content\/uploads\/sites\/11\/2022\/08\/22812-probefahrt1-e1751050939603.jpg\" class=\"attachment-full size-full wp-image-4935\" alt=\"Isuzu Auto\" srcset=\"https:\/\/guenther-gruppe.de\/isuzu\/wp-content\/uploads\/sites\/11\/2022\/08\/22812-probefahrt1-e1751050939603.jpg 1800w, https:\/\/guenther-gruppe.de\/isuzu\/wp-content\/uploads\/sites\/11\/2022\/08\/22812-probefahrt1-e1751050939603-300x105.jpg 300w, https:\/\/guenther-gruppe.de\/isuzu\/wp-content\/uploads\/sites\/11\/2022\/08\/22812-probefahrt1-e1751050939603-1024x358.jpg 1024w, https:\/\/guenther-gruppe.de\/isuzu\/wp-content\/uploads\/sites\/11\/2022\/08\/22812-probefahrt1-e1751050939603-768x269.jpg 768w, https:\/\/guenther-gruppe.de\/isuzu\/wp-content\/uploads\/sites\/11\/2022\/08\/22812-probefahrt1-e1751050939603-1536x538.jpg 1536w\" sizes=\"(max-width: 1800px) 100vw, 1800px\" \/>\t\t\t\t\t\t\t\t\t\t\t\t\t\t\t<\/div>\n\t\t\t\t<\/div>\n\t\t\t\t\t<\/div>\n\t\t<\/div>\n\t\t\t\t\t<\/div>\n\t\t<\/section>\n\t\t\t\t<section class=\"elementor-section elementor-top-section elementor-element elementor-element-4b20d7d elementor-hidden-desktop elementor-hidden-tablet elementor-section-boxed elementor-section-height-default elementor-section-height-default\" data-id=\"4b20d7d\" data-element_type=\"section\">\n\t\t\t\t\t\t<div class=\"elementor-container elementor-column-gap-default\">\n\t\t\t\t\t<div class=\"elementor-column elementor-col-100 elementor-top-column elementor-element elementor-element-90dd61a\" data-id=\"90dd61a\" data-element_type=\"column\">\n\t\t\t<div class=\"elementor-widget-wrap elementor-element-populated\">\n\t\t\t\t\t\t<div class=\"elementor-element elementor-element-5710e04 elementor-widget elementor-widget-image\" data-id=\"5710e04\" data-element_type=\"widget\" data-widget_type=\"image.default\">\n\t\t\t\t<div class=\"elementor-widget-container\">\n\t\t\t\t\t\t\t\t\t\t\t\t\t\t\t<img decoding=\"async\" width=\"400\" height=\"650\" src=\"https:\/\/guenther-gruppe.de\/isuzu\/wp-content\/uploads\/sites\/11\/2022\/08\/22812-probefahrt1-mobile.jpg\" class=\"attachment-full size-full wp-image-4936\" alt=\"Isuzu Auto\" srcset=\"https:\/\/guenther-gruppe.de\/isuzu\/wp-content\/uploads\/sites\/11\/2022\/08\/22812-probefahrt1-mobile.jpg 400w, https:\/\/guenther-gruppe.de\/isuzu\/wp-content\/uploads\/sites\/11\/2022\/08\/22812-probefahrt1-mobile-185x300.jpg 185w\" sizes=\"(max-width: 400px) 100vw, 400px\" \/>\t\t\t\t\t\t\t\t\t\t\t\t\t\t\t<\/div>\n\t\t\t\t<\/div>\n\t\t\t\t\t<\/div>\n\t\t<\/div>\n\t\t\t\t\t<\/div>\n\t\t<\/section>\n\t\t\t\t<section class=\"elementor-section elementor-top-section elementor-element elementor-element-16056de elementor-section-boxed elementor-section-height-default elementor-section-height-default\" data-id=\"16056de\" data-element_type=\"section\">\n\t\t\t\t\t\t<div class=\"elementor-container elementor-column-gap-no\">\n\t\t\t\t\t<div class=\"elementor-column elementor-col-100 elementor-top-column elementor-element elementor-element-1782481\" data-id=\"1782481\" data-element_type=\"column\">\n\t\t\t<div class=\"elementor-widget-wrap elementor-element-populated\">\n\t\t\t\t\t\t<div class=\"elementor-element elementor-element-fb86b0f elementor-widget elementor-widget-heading\" data-id=\"fb86b0f\" data-element_type=\"widget\" data-widget_type=\"heading.default\">\n\t\t\t\t<div class=\"elementor-widget-container\">\n\t\t\t\t\t<h1 class=\"elementor-heading-title elementor-size-default\">Probefahrt<\/h1>\t\t\t\t<\/div>\n\t\t\t\t<\/div>\n\t\t\t\t<div class=\"elementor-element elementor-element-60ef98e elementor-widget elementor-widget-wpforms\" data-id=\"60ef98e\" data-element_type=\"widget\" data-widget_type=\"wpforms.default\">\n\t\t\t\t<div class=\"elementor-widget-container\">\n\t\t\t\t\t<div class=\"wpforms-container wpforms-container-full\" id=\"wpforms-5233\"><form id=\"wpforms-form-5233\" class=\"wpforms-validate wpforms-form wpforms-ajax-form\" data-formid=\"5233\" method=\"post\" enctype=\"multipart\/form-data\" action=\"\/isuzu\/wp-json\/wp\/v2\/pages\/4914\" data-token=\"627b0683b6d917bae05344c56159cdb3\" data-token-time=\"1777714529\"><div class=\"wpforms-head-container\"><\/div><noscript class=\"wpforms-error-noscript\">Bitte aktiviere JavaScript in deinem Browser, um dieses Formular fertigzustellen.<\/noscript><div class=\"wpforms-field-container\"><div id=\"wpforms-5233-field_1-container\" class=\"wpforms-field wpforms-field-text\" data-field-id=\"1\"><label class=\"wpforms-field-label\" for=\"wpforms-5233-field_1\">Ihr Name <span class=\"wpforms-required-label\">*<\/span><\/label><input type=\"text\" id=\"wpforms-5233-field_1\" class=\"wpforms-field-large wpforms-field-required\" name=\"wpforms[fields][1]\" required><\/div><div id=\"wpforms-5233-field_2-container\" class=\"wpforms-field wpforms-field-email\" data-field-id=\"2\"><label class=\"wpforms-field-label\" for=\"wpforms-5233-field_2\">Ihre E-Mailadresse <span class=\"wpforms-required-label\">*<\/span><\/label><input type=\"email\" id=\"wpforms-5233-field_2\" class=\"wpforms-field-medium wpforms-field-required\" name=\"wpforms[fields][2]\" spellcheck=\"false\" required><\/div><div id=\"wpforms-5233-field_3-container\" class=\"wpforms-field wpforms-field-radio\" data-field-id=\"3\"><label class=\"wpforms-field-label\">Ihre Wunschfiliale (optional)<\/label><ul id=\"wpforms-5233-field_3\"><li class=\"choice-1 depth-1\"><input type=\"radio\" id=\"wpforms-5233-field_3_1\" name=\"wpforms[fields][3]\" value=\"Hamburg-Hamm\"  ><label class=\"wpforms-field-label-inline\" for=\"wpforms-5233-field_3_1\">Hamburg-Hamm<\/label><\/li><li class=\"choice-2 depth-1\"><input type=\"radio\" id=\"wpforms-5233-field_3_2\" name=\"wpforms[fields][3]\" value=\"Hamburg-Poppenb\u00fcttel\"  ><label class=\"wpforms-field-label-inline\" for=\"wpforms-5233-field_3_2\">Hamburg-Poppenb\u00fcttel<\/label><\/li><li class=\"choice-3 depth-1\"><input type=\"radio\" id=\"wpforms-5233-field_3_3\" name=\"wpforms[fields][3]\" value=\"Hamburg-Bergedorf\"  ><label class=\"wpforms-field-label-inline\" for=\"wpforms-5233-field_3_3\">Hamburg-Bergedorf<\/label><\/li><li class=\"choice-4 depth-1\"><input type=\"radio\" id=\"wpforms-5233-field_3_4\" name=\"wpforms[fields][3]\" value=\"Hamburg-Farmsen\"  ><label class=\"wpforms-field-label-inline\" for=\"wpforms-5233-field_3_4\">Hamburg-Farmsen<\/label><\/li><li class=\"choice-5 depth-1\"><input type=\"radio\" id=\"wpforms-5233-field_3_5\" name=\"wpforms[fields][3]\" value=\"Ahrensburg\"  ><label class=\"wpforms-field-label-inline\" for=\"wpforms-5233-field_3_5\">Ahrensburg<\/label><\/li><\/ul><\/div><div id=\"wpforms-5233-field_4-container\" class=\"wpforms-field wpforms-field-text\" data-field-id=\"4\"><label class=\"wpforms-field-label\" for=\"wpforms-5233-field_4\">Ihre Wunschfahrzeug (optional)<\/label><input type=\"text\" id=\"wpforms-5233-field_4\" class=\"wpforms-field-large\" name=\"wpforms[fields][4]\" ><\/div><div id=\"wpforms-5233-field_5-container\" class=\"wpforms-field wpforms-field-text\" data-field-id=\"5\"><label class=\"wpforms-field-label\" for=\"wpforms-5233-field_5\">Ihre Nachricht <span class=\"wpforms-required-label\">*<\/span><\/label><input type=\"text\" id=\"wpforms-5233-field_5\" class=\"wpforms-field-large wpforms-field-required\" name=\"wpforms[fields][5]\" required><\/div><div id=\"wpforms-5233-field_6-container\" class=\"wpforms-field wpforms-field-checkbox\" data-field-id=\"6\"><label class=\"wpforms-field-label\">Best\u00e4tigung <span class=\"wpforms-required-label\">*<\/span><\/label><ul id=\"wpforms-5233-field_6\" class=\"wpforms-field-required\"><li class=\"choice-1 depth-1\"><input type=\"checkbox\" id=\"wpforms-5233-field_6_1\" name=\"wpforms[fields][6][]\" value=\"Best\u00e4tigung der \u00dcbermittlung von Daten\" required ><label class=\"wpforms-field-label-inline\" for=\"wpforms-5233-field_6_1\">Best\u00e4tigung der \u00dcbermittlung von Daten<\/label><\/li><\/ul><div class=\"wpforms-field-description\">Durch das Absenden dieses Kontaktformulars \u00fcbermitteln Sie uns die aktuelle IP-Adresse Ihres Internetzugangs sowie die durch Sie eingegebenen Daten zur elektronischen Verarbeitung auf freiwilliger Basis. Die von Ihnen \u00fcbermittelten personenbezogenen Daten werden f\u00fcr die Bearbeitung der Anfrage oder der Kontaktaufnahme automatisch gespeichert. Es erfolgt keine Weitergabe dieser personenbezogenen Daten an Dritte.<\/div><\/div><\/div><!-- .wpforms-field-container --><div class=\"wpforms-submit-container\" ><input type=\"hidden\" name=\"wpforms[id]\" value=\"5233\"><input type=\"hidden\" name=\"page_title\" value=\"\"><input type=\"hidden\" name=\"page_url\" value=\"https:\/\/guenther-gruppe.de\/isuzu\/wp-json\/wp\/v2\/pages\/4914\"><input type=\"hidden\" name=\"url_referer\" value=\"\"><button type=\"submit\" name=\"wpforms[submit]\" id=\"wpforms-submit-5233\" class=\"wpforms-submit\" data-alt-text=\"Senden\u2026\" data-submit-text=\"Absenden\" aria-live=\"assertive\" value=\"wpforms-submit\">Absenden<\/button><img decoding=\"async\" src=\"https:\/\/guenther-gruppe.de\/isuzu\/wp-content\/plugins\/wpforms\/assets\/images\/submit-spin.svg\" class=\"wpforms-submit-spinner\" style=\"display: none;\" width=\"26\" height=\"26\" alt=\"Wird geladen\"><\/div><\/form><\/div>  <!-- .wpforms-container -->\t\t\t\t<\/div>\n\t\t\t\t<\/div>\n\t\t\t\t\t<\/div>\n\t\t<\/div>\n\t\t\t\t\t<\/div>\n\t\t<\/section>\n\t\t\t\t<\/div>\n\t\t","protected":false},"excerpt":{"rendered":"<p>Probefahrt<\/p>\n","protected":false},"author":10,"featured_media":0,"parent":0,"menu_order":0,"comment_status":"closed","ping_status":"closed","template":"","meta":{"_acf_changed":false,"site-sidebar-layout":"no-sidebar","site-content-layout":"page-builder","ast-site-content-layout":"default","site-content-style":"default","site-sidebar-style":"default","ast-global-header-display":"","ast-banner-title-visibility":"","ast-main-header-display":"","ast-hfb-above-header-display":"","ast-hfb-below-header-display":"","ast-hfb-mobile-header-display":"","site-post-title":"disabled","ast-breadcrumbs-content":"","ast-featured-img":"disabled","footer-sml-layout":"","theme-transparent-header-meta":"default","adv-header-id-meta":"","stick-header-meta":"","header-above-stick-meta":"","header-main-stick-meta":"","header-below-stick-meta":"","astra-migrate-meta-layouts":"default","ast-page-background-enabled":"default","ast-page-background-meta":{"desktop":{"background-color":"","background-image":"","background-repeat":"repeat","background-position":"center center","background-size":"auto","background-attachment":"scroll","background-type":"","background-media":"","overlay-type":"","overlay-color":"","overlay-opacity":"","overlay-gradient":""},"tablet":{"background-color":"","background-image":"","background-repeat":"repeat","background-position":"center center","background-size":"auto","background-attachment":"scroll","background-type":"","background-media":"","overlay-type":"","overlay-color":"","overlay-opacity":"","overlay-gradient":""},"mobile":{"background-color":"","background-image":"","background-repeat":"repeat","background-position":"center center","background-size":"auto","background-attachment":"scroll","background-type":"","background-media":"","overlay-type":"","overlay-color":"","overlay-opacity":"","overlay-gradient":""}},"ast-content-background-meta":{"desktop":{"background-color":"var(--ast-global-color-5)","background-image":"","background-repeat":"repeat","background-position":"center center","background-size":"auto","background-attachment":"scroll","background-type":"","background-media":"","overlay-type":"","overlay-color":"","overlay-opacity":"","overlay-gradient":""},"tablet":{"background-color":"var(--ast-global-color-5)","background-image":"","background-repeat":"repeat","background-position":"center center","background-size":"auto","background-attachment":"scroll","background-type":"","background-media":"","overlay-type":"","overlay-color":"","overlay-opacity":"","overlay-gradient":""},"mobile":{"background-color":"var(--ast-global-color-5)","background-image":"","background-repeat":"repeat","background-position":"center center","background-size":"auto","background-attachment":"scroll","background-type":"","background-media":"","overlay-type":"","overlay-color":"","overlay-opacity":"","overlay-gradient":""}},"footnotes":""},"class_list":["post-4914","page","type-page","status-publish","hentry"],"acf":[],"yoast_head":"<!-- This site is optimized with the Yoast SEO plugin v26.5 - https:\/\/yoast.com\/wordpress\/plugins\/seo\/ -->\n<title>ISUZU D-MAX Brosch\u00fcre | Autohaus G\u00fcnther GmbH<\/title>\n<meta name=\"description\" content=\"Hier finden Sie eine \u00dcbersicht \u00fcber alle ISUZU D-MAx Brosch\u00fcren und dessen original Zubeh\u00f6r.\" \/>\n<meta name=\"robots\" content=\"index, follow, max-snippet:-1, max-image-preview:large, max-video-preview:-1\" \/>\n<link rel=\"canonical\" href=\"https:\/\/guenther-gruppe.de\/isuzu\/probefahrt\/\" \/>\n<meta property=\"og:locale\" content=\"de_DE\" \/>\n<meta property=\"og:type\" content=\"article\" \/>\n<meta property=\"og:title\" content=\"ISUZU D-MAX Brosch\u00fcre | Autohaus G\u00fcnther GmbH\" \/>\n<meta property=\"og:description\" content=\"Hier finden Sie eine \u00dcbersicht \u00fcber alle ISUZU D-MAx Brosch\u00fcren und dessen original Zubeh\u00f6r.\" \/>\n<meta property=\"og:url\" content=\"https:\/\/guenther-gruppe.de\/isuzu\/probefahrt\/\" \/>\n<meta property=\"og:site_name\" content=\"Autohaus G\u00fcnther GmbH - ISUZU f\u00fcr Hamburg und Ahrensburg\" \/>\n<meta property=\"article:modified_time\" content=\"2022-08-15T08:34:22+00:00\" \/>\n<meta property=\"og:image\" content=\"https:\/\/guenther-gruppe.de\/isuzu\/wp-content\/uploads\/sites\/11\/2022\/08\/22812-probefahrt1.jpg\" \/>\n<meta name=\"twitter:card\" content=\"summary_large_image\" \/>\n<meta name=\"twitter:label1\" content=\"Gesch\u00e4tzte Lesezeit\" \/>\n\t<meta name=\"twitter:data1\" content=\"2\u00a0Minuten\" \/>\n<script type=\"application\/ld+json\" class=\"yoast-schema-graph\">{\"@context\":\"https:\/\/schema.org\",\"@graph\":[{\"@type\":\"WebPage\",\"@id\":\"https:\/\/guenther-gruppe.de\/isuzu\/probefahrt\/\",\"url\":\"https:\/\/guenther-gruppe.de\/isuzu\/probefahrt\/\",\"name\":\"ISUZU D-MAX Brosch\u00fcre | Autohaus G\u00fcnther GmbH\",\"isPartOf\":{\"@id\":\"https:\/\/guenther-gruppe.de\/isuzu\/#website\"},\"primaryImageOfPage\":{\"@id\":\"https:\/\/guenther-gruppe.de\/isuzu\/probefahrt\/#primaryimage\"},\"image\":{\"@id\":\"https:\/\/guenther-gruppe.de\/isuzu\/probefahrt\/#primaryimage\"},\"thumbnailUrl\":\"https:\/\/guenther-gruppe.de\/isuzu\/wp-content\/uploads\/sites\/11\/2022\/08\/22812-probefahrt1.jpg\",\"datePublished\":\"2022-08-12T14:28:57+00:00\",\"dateModified\":\"2022-08-15T08:34:22+00:00\",\"description\":\"Hier finden Sie eine \u00dcbersicht \u00fcber alle ISUZU D-MAx Brosch\u00fcren und dessen original Zubeh\u00f6r.\",\"breadcrumb\":{\"@id\":\"https:\/\/guenther-gruppe.de\/isuzu\/probefahrt\/#breadcrumb\"},\"inLanguage\":\"de\",\"potentialAction\":[{\"@type\":\"ReadAction\",\"target\":[\"https:\/\/guenther-gruppe.de\/isuzu\/probefahrt\/\"]}]},{\"@type\":\"ImageObject\",\"inLanguage\":\"de\",\"@id\":\"https:\/\/guenther-gruppe.de\/isuzu\/probefahrt\/#primaryimage\",\"url\":\"https:\/\/guenther-gruppe.de\/isuzu\/wp-content\/uploads\/sites\/11\/2022\/08\/22812-probefahrt1-e1751050939603.jpg\",\"contentUrl\":\"https:\/\/guenther-gruppe.de\/isuzu\/wp-content\/uploads\/sites\/11\/2022\/08\/22812-probefahrt1-e1751050939603.jpg\",\"width\":1800,\"height\":630,\"caption\":\"Isuzu Auto\"},{\"@type\":\"BreadcrumbList\",\"@id\":\"https:\/\/guenther-gruppe.de\/isuzu\/probefahrt\/#breadcrumb\",\"itemListElement\":[{\"@type\":\"ListItem\",\"position\":1,\"name\":\"Startseite\",\"item\":\"https:\/\/guenther-gruppe.de\/isuzu\/\"},{\"@type\":\"ListItem\",\"position\":2,\"name\":\"Probefahrt\"}]},{\"@type\":\"WebSite\",\"@id\":\"https:\/\/guenther-gruppe.de\/isuzu\/#website\",\"url\":\"https:\/\/guenther-gruppe.de\/isuzu\/\",\"name\":\"Autohaus G\u00fcnther GmbH - ISUZU f\u00fcr Hamburg und Ahrensburg\",\"description\":\"Wir sind Ihr ISUZU Vertrags- und Servicepartner f\u00fcr Hamburg und Ahrensburg\",\"publisher\":{\"@id\":\"https:\/\/guenther-gruppe.de\/isuzu\/#organization\"},\"potentialAction\":[{\"@type\":\"SearchAction\",\"target\":{\"@type\":\"EntryPoint\",\"urlTemplate\":\"https:\/\/guenther-gruppe.de\/isuzu\/?s={search_term_string}\"},\"query-input\":{\"@type\":\"PropertyValueSpecification\",\"valueRequired\":true,\"valueName\":\"search_term_string\"}}],\"inLanguage\":\"de\"},{\"@type\":\"Organization\",\"@id\":\"https:\/\/guenther-gruppe.de\/isuzu\/#organization\",\"name\":\"Autohaus G\u00fcnther GmbH - ISUZU f\u00fcr Hamburg und Ahrensburg\",\"url\":\"https:\/\/guenther-gruppe.de\/isuzu\/\",\"logo\":{\"@type\":\"ImageObject\",\"inLanguage\":\"de\",\"@id\":\"https:\/\/guenther-gruppe.de\/isuzu\/#\/schema\/logo\/image\/\",\"url\":\"https:\/\/guenther-gruppe.de\/isuzu\/wp-content\/uploads\/sites\/11\/2022\/06\/cropped-guenther_logo-isuzu.png\",\"contentUrl\":\"https:\/\/guenther-gruppe.de\/isuzu\/wp-content\/uploads\/sites\/11\/2022\/06\/cropped-guenther_logo-isuzu.png\",\"width\":1898,\"height\":400,\"caption\":\"Autohaus G\u00fcnther GmbH - ISUZU f\u00fcr Hamburg und Ahrensburg\"},\"image\":{\"@id\":\"https:\/\/guenther-gruppe.de\/isuzu\/#\/schema\/logo\/image\/\"}}]}<\/script>\n<!-- \/ Yoast SEO plugin. -->","yoast_head_json":{"title":"ISUZU D-MAX Brosch\u00fcre | Autohaus G\u00fcnther GmbH","description":"Hier finden Sie eine \u00dcbersicht \u00fcber alle ISUZU D-MAx Brosch\u00fcren und dessen original Zubeh\u00f6r.","robots":{"index":"index","follow":"follow","max-snippet":"max-snippet:-1","max-image-preview":"max-image-preview:large","max-video-preview":"max-video-preview:-1"},"canonical":"https:\/\/guenther-gruppe.de\/isuzu\/probefahrt\/","og_locale":"de_DE","og_type":"article","og_title":"ISUZU D-MAX Brosch\u00fcre | Autohaus G\u00fcnther GmbH","og_description":"Hier finden Sie eine \u00dcbersicht \u00fcber alle ISUZU D-MAx Brosch\u00fcren und dessen original Zubeh\u00f6r.","og_url":"https:\/\/guenther-gruppe.de\/isuzu\/probefahrt\/","og_site_name":"Autohaus G\u00fcnther GmbH - ISUZU f\u00fcr Hamburg und Ahrensburg","article_modified_time":"2022-08-15T08:34:22+00:00","og_image":[{"url":"https:\/\/guenther-gruppe.de\/isuzu\/wp-content\/uploads\/sites\/11\/2022\/08\/22812-probefahrt1.jpg","type":"","width":"","height":""}],"twitter_card":"summary_large_image","twitter_misc":{"Gesch\u00e4tzte Lesezeit":"2\u00a0Minuten"},"schema":{"@context":"https:\/\/schema.org","@graph":[{"@type":"WebPage","@id":"https:\/\/guenther-gruppe.de\/isuzu\/probefahrt\/","url":"https:\/\/guenther-gruppe.de\/isuzu\/probefahrt\/","name":"ISUZU D-MAX Brosch\u00fcre | Autohaus G\u00fcnther GmbH","isPartOf":{"@id":"https:\/\/guenther-gruppe.de\/isuzu\/#website"},"primaryImageOfPage":{"@id":"https:\/\/guenther-gruppe.de\/isuzu\/probefahrt\/#primaryimage"},"image":{"@id":"https:\/\/guenther-gruppe.de\/isuzu\/probefahrt\/#primaryimage"},"thumbnailUrl":"https:\/\/guenther-gruppe.de\/isuzu\/wp-content\/uploads\/sites\/11\/2022\/08\/22812-probefahrt1.jpg","datePublished":"2022-08-12T14:28:57+00:00","dateModified":"2022-08-15T08:34:22+00:00","description":"Hier finden Sie eine \u00dcbersicht \u00fcber alle ISUZU D-MAx Brosch\u00fcren und dessen original Zubeh\u00f6r.","breadcrumb":{"@id":"https:\/\/guenther-gruppe.de\/isuzu\/probefahrt\/#breadcrumb"},"inLanguage":"de","potentialAction":[{"@type":"ReadAction","target":["https:\/\/guenther-gruppe.de\/isuzu\/probefahrt\/"]}]},{"@type":"ImageObject","inLanguage":"de","@id":"https:\/\/guenther-gruppe.de\/isuzu\/probefahrt\/#primaryimage","url":"https:\/\/guenther-gruppe.de\/isuzu\/wp-content\/uploads\/sites\/11\/2022\/08\/22812-probefahrt1-e1751050939603.jpg","contentUrl":"https:\/\/guenther-gruppe.de\/isuzu\/wp-content\/uploads\/sites\/11\/2022\/08\/22812-probefahrt1-e1751050939603.jpg","width":1800,"height":630,"caption":"Isuzu Auto"},{"@type":"BreadcrumbList","@id":"https:\/\/guenther-gruppe.de\/isuzu\/probefahrt\/#breadcrumb","itemListElement":[{"@type":"ListItem","position":1,"name":"Startseite","item":"https:\/\/guenther-gruppe.de\/isuzu\/"},{"@type":"ListItem","position":2,"name":"Probefahrt"}]},{"@type":"WebSite","@id":"https:\/\/guenther-gruppe.de\/isuzu\/#website","url":"https:\/\/guenther-gruppe.de\/isuzu\/","name":"Autohaus G\u00fcnther GmbH - ISUZU f\u00fcr Hamburg und Ahrensburg","description":"Wir sind Ihr ISUZU Vertrags- und Servicepartner f\u00fcr Hamburg und Ahrensburg","publisher":{"@id":"https:\/\/guenther-gruppe.de\/isuzu\/#organization"},"potentialAction":[{"@type":"SearchAction","target":{"@type":"EntryPoint","urlTemplate":"https:\/\/guenther-gruppe.de\/isuzu\/?s={search_term_string}"},"query-input":{"@type":"PropertyValueSpecification","valueRequired":true,"valueName":"search_term_string"}}],"inLanguage":"de"},{"@type":"Organization","@id":"https:\/\/guenther-gruppe.de\/isuzu\/#organization","name":"Autohaus G\u00fcnther GmbH - ISUZU f\u00fcr Hamburg und Ahrensburg","url":"https:\/\/guenther-gruppe.de\/isuzu\/","logo":{"@type":"ImageObject","inLanguage":"de","@id":"https:\/\/guenther-gruppe.de\/isuzu\/#\/schema\/logo\/image\/","url":"https:\/\/guenther-gruppe.de\/isuzu\/wp-content\/uploads\/sites\/11\/2022\/06\/cropped-guenther_logo-isuzu.png","contentUrl":"https:\/\/guenther-gruppe.de\/isuzu\/wp-content\/uploads\/sites\/11\/2022\/06\/cropped-guenther_logo-isuzu.png","width":1898,"height":400,"caption":"Autohaus G\u00fcnther GmbH - ISUZU f\u00fcr Hamburg und Ahrensburg"},"image":{"@id":"https:\/\/guenther-gruppe.de\/isuzu\/#\/schema\/logo\/image\/"}}]}},"_links":{"self":[{"href":"https:\/\/guenther-gruppe.de\/isuzu\/wp-json\/wp\/v2\/pages\/4914","targetHints":{"allow":["GET"]}}],"collection":[{"href":"https:\/\/guenther-gruppe.de\/isuzu\/wp-json\/wp\/v2\/pages"}],"about":[{"href":"https:\/\/guenther-gruppe.de\/isuzu\/wp-json\/wp\/v2\/types\/page"}],"author":[{"embeddable":true,"href":"https:\/\/guenther-gruppe.de\/isuzu\/wp-json\/wp\/v2\/users\/10"}],"replies":[{"embeddable":true,"href":"https:\/\/guenther-gruppe.de\/isuzu\/wp-json\/wp\/v2\/comments?post=4914"}],"version-history":[{"count":4,"href":"https:\/\/guenther-gruppe.de\/isuzu\/wp-json\/wp\/v2\/pages\/4914\/revisions"}],"predecessor-version":[{"id":5239,"href":"https:\/\/guenther-gruppe.de\/isuzu\/wp-json\/wp\/v2\/pages\/4914\/revisions\/5239"}],"wp:attachment":[{"href":"https:\/\/guenther-gruppe.de\/isuzu\/wp-json\/wp\/v2\/media?parent=4914"}],"curies":[{"name":"wp","href":"https:\/\/api.w.org\/{rel}","templated":true}]}}