{"id":3535,"date":"2022-08-03T19:07:06","date_gmt":"2022-08-03T17:07:06","guid":{"rendered":"https:\/\/guenther-gruppe.de\/isuzu\/?page_id=3535"},"modified":"2025-07-11T12:09:18","modified_gmt":"2025-07-11T10:09:18","slug":"impressum","status":"publish","type":"page","link":"https:\/\/guenther-gruppe.de\/isuzu\/impressum\/","title":{"rendered":"Impressum"},"content":{"rendered":"\t\t<div data-elementor-type=\"wp-page\" data-elementor-id=\"3535\" class=\"elementor elementor-3535\" data-elementor-post-type=\"page\">\n\t\t\t\t\t\t<section class=\"elementor-section elementor-top-section elementor-element elementor-element-ea60a21 elementor-section-boxed elementor-section-height-default elementor-section-height-default\" data-id=\"ea60a21\" data-element_type=\"section\">\n\t\t\t\t\t\t<div class=\"elementor-container elementor-column-gap-default\">\n\t\t\t\t\t<div class=\"elementor-column elementor-col-100 elementor-top-column elementor-element elementor-element-23f1949\" data-id=\"23f1949\" data-element_type=\"column\" data-settings=\"{&quot;background_background&quot;:&quot;classic&quot;}\">\n\t\t\t<div class=\"elementor-widget-wrap elementor-element-populated\">\n\t\t\t\t\t\t<div class=\"elementor-element elementor-element-dd2b4ad elementor-widget elementor-widget-heading\" data-id=\"dd2b4ad\" data-element_type=\"widget\" data-widget_type=\"heading.default\">\n\t\t\t\t<div class=\"elementor-widget-container\">\n\t\t\t\t\t<h1 class=\"elementor-heading-title elementor-size-default\">Impressum<\/h1>\t\t\t\t<\/div>\n\t\t\t\t<\/div>\n\t\t\t\t\t<\/div>\n\t\t<\/div>\n\t\t\t\t\t<\/div>\n\t\t<\/section>\n\t\t\t\t<section class=\"elementor-section elementor-top-section elementor-element elementor-element-0a2414d elementor-section-boxed elementor-section-height-default elementor-section-height-default\" data-id=\"0a2414d\" data-element_type=\"section\">\n\t\t\t\t\t\t<div class=\"elementor-container elementor-column-gap-default\">\n\t\t\t\t\t<div class=\"elementor-column elementor-col-100 elementor-top-column elementor-element elementor-element-c77bf16\" data-id=\"c77bf16\" data-element_type=\"column\">\n\t\t\t<div class=\"elementor-widget-wrap elementor-element-populated\">\n\t\t\t\t\t\t<div class=\"elementor-element elementor-element-65eefeb elementor-widget elementor-widget-text-editor\" data-id=\"65eefeb\" data-element_type=\"widget\" data-widget_type=\"text-editor.default\">\n\t\t\t\t<div class=\"elementor-widget-container\">\n\t\t\t\t\t\t\t\t\t<div class=\"fusion-layout-column fusion_builder_column fusion-builder-column-1 fusion_builder_column_1_1 1_1 fusion-flex-column\"><div class=\"fusion-column-wrapper fusion-flex-justify-content-flex-start fusion-content-layout-column\"><div class=\"fusion-text fusion-text-2\"><p>Autohaus G\u00fcnther GmbH<br \/>Poppenb\u00fctteler Bogen 33<br \/>22399 Hamburg<\/p><p>Telefon: (040) 636696-0<br \/>Telefax: (040) 636696-66<\/p><p>Handelsregisternr.: HRB 43686<br \/>Handelsregister und Registergericht: Amtsgericht Hamburg<br \/>Umsatzsteueridentifikationsnummer (gem\u00e4\u00df \u00a727a Umsatzsteuergesetz): DE 118636998<br \/>Vertretungsberechtigte(r): Ben G\u00fcnther<br \/>Verantwortlicher i.S.d. \u00a7 18 MStV: Hanno Solbrig<br \/>E-Mail: <span style=\"color: #ff0000;\"><a style=\"color: #ff0000;\" href=\"mailto:info@guenther-gruppe.de\" target=\"_blank\" rel=\"noopener\">info@guenther-gruppe.de<\/a><\/span><\/p><p>Alle Rechte vorbehalten. Texte, Bilder, Grafiken, Sound, Animationen und Videos unterliegen dem Schutz des Urheberrechts und anderer Schutzgesetze. Der Inhalt dieser Website darf nicht zu kommerziellen Zwecken verbreitet oder Dritten zug\u00e4nglich gemacht werden. Irrt\u00fcmer und \u00c4nderungen vorbehalten.<\/p><p>Sollten wir auf diesen Seiten Verkn\u00fcpfungen zu anderen Seiten im Internet angelegt haben, so haben wir auf s\u00e4mtliche Links keinerlei Einfluss. Deshalb distanzieren wir uns hiermit ausdr\u00fccklich von allen Inhalten der verkn\u00fcpften Seiten. Diese Erkl\u00e4rung gilt f\u00fcr alle auf dieser Seite ausgebrachten Links und f\u00fcr alle Inhalte der Seiten, zu denen ggf. Banner f\u00fchren.<\/p><p>Streitschlichtung<\/p><p>Die Autohaus G\u00fcnther GmbH erkl\u00e4rt sich bei rechtlichen Konflikten mit Verbrauchern (\u00a7 13 BGB) bereit, an Verbraucherschlichtungsverfahren nach dem Verbraucherstreitbeilegungsgesetz teilzunehmen. Die fu\u0308r die Autohaus G\u00fcnther GmbH zust\u00e4ndige Verbraucherschlichtungsstelle ist die Allgemeine Verbraucherschlichtungsstelle des Zentrums fu\u0308r Schlichtung e.V. Stra\u00dfburger Stra\u00dfe 8, 77694 Kehl am Rhein Telefon 07851 \/ 795 79 40 Fax 07851 \/ 795 79 41 E-Mail: mail@verbraucher-schlichter.de Webseite: www.verbraucher-schlichter.de<\/p><\/div><\/div><\/div>\t\t\t\t\t\t\t\t<\/div>\n\t\t\t\t<\/div>\n\t\t\t\t\t<\/div>\n\t\t<\/div>\n\t\t\t\t\t<\/div>\n\t\t<\/section>\n\t\t\t\t<\/div>\n\t\t","protected":false},"excerpt":{"rendered":"<p>Impressum Autohaus G\u00fcnther GmbHPoppenb\u00fctteler Bogen 3322399 Hamburg Telefon: (040) 636696-0Telefax: (040) 636696-66 Handelsregisternr.: HRB 43686Handelsregister und Registergericht: Amtsgericht HamburgUmsatzsteueridentifikationsnummer (gem\u00e4\u00df \u00a727a Umsatzsteuergesetz): DE 118636998Vertretungsberechtigte(r): Ben G\u00fcntherVerantwortlicher i.S.d. \u00a7 18 MStV: Hanno SolbrigE-Mail: info@guenther-gruppe.de Alle Rechte vorbehalten. Texte, Bilder, Grafiken, Sound, Animationen und Videos unterliegen dem Schutz des Urheberrechts und anderer Schutzgesetze. Der Inhalt dieser Website [&hellip;]<\/p>\n","protected":false},"author":10,"featured_media":0,"parent":0,"menu_order":0,"comment_status":"closed","ping_status":"closed","template":"","meta":{"_acf_changed":false,"site-sidebar-layout":"no-sidebar","site-content-layout":"page-builder","ast-site-content-layout":"default","site-content-style":"default","site-sidebar-style":"default","ast-global-header-display":"","ast-banner-title-visibility":"","ast-main-header-display":"","ast-hfb-above-header-display":"","ast-hfb-below-header-display":"","ast-hfb-mobile-header-display":"","site-post-title":"disabled","ast-breadcrumbs-content":"","ast-featured-img":"disabled","footer-sml-layout":"disabled","theme-transparent-header-meta":"default","adv-header-id-meta":"","stick-header-meta":"","header-above-stick-meta":"","header-main-stick-meta":"","header-below-stick-meta":"","astra-migrate-meta-layouts":"default","ast-page-background-enabled":"default","ast-page-background-meta":{"desktop":{"background-color":"","background-image":"","background-repeat":"repeat","background-position":"center center","background-size":"auto","background-attachment":"scroll","background-type":"","background-media":"","overlay-type":"","overlay-color":"","overlay-opacity":"","overlay-gradient":""},"tablet":{"background-color":"","background-image":"","background-repeat":"repeat","background-position":"center center","background-size":"auto","background-attachment":"scroll","background-type":"","background-media":"","overlay-type":"","overlay-color":"","overlay-opacity":"","overlay-gradient":""},"mobile":{"background-color":"","background-image":"","background-repeat":"repeat","background-position":"center center","background-size":"auto","background-attachment":"scroll","background-type":"","background-media":"","overlay-type":"","overlay-color":"","overlay-opacity":"","overlay-gradient":""}},"ast-content-background-meta":{"desktop":{"background-color":"var(--ast-global-color-5)","background-image":"","background-repeat":"repeat","background-position":"center center","background-size":"auto","background-attachment":"scroll","background-type":"","background-media":"","overlay-type":"","overlay-color":"","overlay-opacity":"","overlay-gradient":""},"tablet":{"background-color":"var(--ast-global-color-5)","background-image":"","background-repeat":"repeat","background-position":"center center","background-size":"auto","background-attachment":"scroll","background-type":"","background-media":"","overlay-type":"","overlay-color":"","overlay-opacity":"","overlay-gradient":""},"mobile":{"background-color":"var(--ast-global-color-5)","background-image":"","background-repeat":"repeat","background-position":"center center","background-size":"auto","background-attachment":"scroll","background-type":"","background-media":"","overlay-type":"","overlay-color":"","overlay-opacity":"","overlay-gradient":""}},"footnotes":""},"class_list":["post-3535","page","type-page","status-publish","hentry"],"acf":[],"yoast_head":"<!-- This site is optimized with the Yoast SEO plugin v26.5 - https:\/\/yoast.com\/wordpress\/plugins\/seo\/ -->\n<title>Impressum - Autohaus G\u00fcnther GmbH - ISUZU f\u00fcr Hamburg und Ahrensburg<\/title>\n<meta name=\"robots\" content=\"index, follow, max-snippet:-1, max-image-preview:large, max-video-preview:-1\" \/>\n<link rel=\"canonical\" href=\"https:\/\/guenther-gruppe.de\/isuzu\/impressum\/\" \/>\n<meta property=\"og:locale\" content=\"de_DE\" \/>\n<meta property=\"og:type\" content=\"article\" \/>\n<meta property=\"og:title\" content=\"Impressum - Autohaus G\u00fcnther GmbH - ISUZU f\u00fcr Hamburg und Ahrensburg\" \/>\n<meta property=\"og:description\" content=\"Impressum Autohaus G\u00fcnther GmbHPoppenb\u00fctteler Bogen 3322399 Hamburg Telefon: (040) 636696-0Telefax: (040) 636696-66 Handelsregisternr.: HRB 43686Handelsregister und Registergericht: Amtsgericht HamburgUmsatzsteueridentifikationsnummer (gem\u00e4\u00df \u00a727a Umsatzsteuergesetz): DE 118636998Vertretungsberechtigte(r): Ben G\u00fcntherVerantwortlicher i.S.d. \u00a7 18 MStV: Hanno SolbrigE-Mail: info@guenther-gruppe.de Alle Rechte vorbehalten. Texte, Bilder, Grafiken, Sound, Animationen und Videos unterliegen dem Schutz des Urheberrechts und anderer Schutzgesetze. Der Inhalt dieser Website [&hellip;]\" \/>\n<meta property=\"og:url\" content=\"https:\/\/guenther-gruppe.de\/isuzu\/impressum\/\" \/>\n<meta property=\"og:site_name\" content=\"Autohaus G\u00fcnther GmbH - ISUZU f\u00fcr Hamburg und Ahrensburg\" \/>\n<meta property=\"article:modified_time\" content=\"2025-07-11T10:09:18+00:00\" \/>\n<meta name=\"twitter:card\" content=\"summary_large_image\" \/>\n<meta name=\"twitter:label1\" content=\"Gesch\u00e4tzte Lesezeit\" \/>\n\t<meta name=\"twitter:data1\" content=\"2\u00a0Minuten\" \/>\n<script type=\"application\/ld+json\" class=\"yoast-schema-graph\">{\"@context\":\"https:\/\/schema.org\",\"@graph\":[{\"@type\":\"WebPage\",\"@id\":\"https:\/\/guenther-gruppe.de\/isuzu\/impressum\/\",\"url\":\"https:\/\/guenther-gruppe.de\/isuzu\/impressum\/\",\"name\":\"Impressum - Autohaus G\u00fcnther GmbH - ISUZU f\u00fcr Hamburg und Ahrensburg\",\"isPartOf\":{\"@id\":\"https:\/\/guenther-gruppe.de\/isuzu\/#website\"},\"datePublished\":\"2022-08-03T17:07:06+00:00\",\"dateModified\":\"2025-07-11T10:09:18+00:00\",\"breadcrumb\":{\"@id\":\"https:\/\/guenther-gruppe.de\/isuzu\/impressum\/#breadcrumb\"},\"inLanguage\":\"de\",\"potentialAction\":[{\"@type\":\"ReadAction\",\"target\":[\"https:\/\/guenther-gruppe.de\/isuzu\/impressum\/\"]}]},{\"@type\":\"BreadcrumbList\",\"@id\":\"https:\/\/guenther-gruppe.de\/isuzu\/impressum\/#breadcrumb\",\"itemListElement\":[{\"@type\":\"ListItem\",\"position\":1,\"name\":\"Startseite\",\"item\":\"https:\/\/guenther-gruppe.de\/isuzu\/\"},{\"@type\":\"ListItem\",\"position\":2,\"name\":\"Impressum\"}]},{\"@type\":\"WebSite\",\"@id\":\"https:\/\/guenther-gruppe.de\/isuzu\/#website\",\"url\":\"https:\/\/guenther-gruppe.de\/isuzu\/\",\"name\":\"Autohaus G\u00fcnther GmbH - ISUZU f\u00fcr Hamburg und Ahrensburg\",\"description\":\"Wir sind Ihr ISUZU Vertrags- und Servicepartner f\u00fcr Hamburg und Ahrensburg\",\"publisher\":{\"@id\":\"https:\/\/guenther-gruppe.de\/isuzu\/#organization\"},\"potentialAction\":[{\"@type\":\"SearchAction\",\"target\":{\"@type\":\"EntryPoint\",\"urlTemplate\":\"https:\/\/guenther-gruppe.de\/isuzu\/?s={search_term_string}\"},\"query-input\":{\"@type\":\"PropertyValueSpecification\",\"valueRequired\":true,\"valueName\":\"search_term_string\"}}],\"inLanguage\":\"de\"},{\"@type\":\"Organization\",\"@id\":\"https:\/\/guenther-gruppe.de\/isuzu\/#organization\",\"name\":\"Autohaus G\u00fcnther GmbH - ISUZU f\u00fcr Hamburg und Ahrensburg\",\"url\":\"https:\/\/guenther-gruppe.de\/isuzu\/\",\"logo\":{\"@type\":\"ImageObject\",\"inLanguage\":\"de\",\"@id\":\"https:\/\/guenther-gruppe.de\/isuzu\/#\/schema\/logo\/image\/\",\"url\":\"https:\/\/guenther-gruppe.de\/isuzu\/wp-content\/uploads\/sites\/11\/2022\/06\/cropped-guenther_logo-isuzu.png\",\"contentUrl\":\"https:\/\/guenther-gruppe.de\/isuzu\/wp-content\/uploads\/sites\/11\/2022\/06\/cropped-guenther_logo-isuzu.png\",\"width\":1898,\"height\":400,\"caption\":\"Autohaus G\u00fcnther GmbH - ISUZU f\u00fcr Hamburg und Ahrensburg\"},\"image\":{\"@id\":\"https:\/\/guenther-gruppe.de\/isuzu\/#\/schema\/logo\/image\/\"}}]}<\/script>\n<!-- \/ Yoast SEO plugin. -->","yoast_head_json":{"title":"Impressum - Autohaus G\u00fcnther GmbH - ISUZU f\u00fcr Hamburg und Ahrensburg","robots":{"index":"index","follow":"follow","max-snippet":"max-snippet:-1","max-image-preview":"max-image-preview:large","max-video-preview":"max-video-preview:-1"},"canonical":"https:\/\/guenther-gruppe.de\/isuzu\/impressum\/","og_locale":"de_DE","og_type":"article","og_title":"Impressum - Autohaus G\u00fcnther GmbH - ISUZU f\u00fcr Hamburg und Ahrensburg","og_description":"Impressum Autohaus G\u00fcnther GmbHPoppenb\u00fctteler Bogen 3322399 Hamburg Telefon: (040) 636696-0Telefax: (040) 636696-66 Handelsregisternr.: HRB 43686Handelsregister und Registergericht: Amtsgericht HamburgUmsatzsteueridentifikationsnummer (gem\u00e4\u00df \u00a727a Umsatzsteuergesetz): DE 118636998Vertretungsberechtigte(r): Ben G\u00fcntherVerantwortlicher i.S.d. \u00a7 18 MStV: Hanno SolbrigE-Mail: info@guenther-gruppe.de Alle Rechte vorbehalten. Texte, Bilder, Grafiken, Sound, Animationen und Videos unterliegen dem Schutz des Urheberrechts und anderer Schutzgesetze. Der Inhalt dieser Website [&hellip;]","og_url":"https:\/\/guenther-gruppe.de\/isuzu\/impressum\/","og_site_name":"Autohaus G\u00fcnther GmbH - ISUZU f\u00fcr Hamburg und Ahrensburg","article_modified_time":"2025-07-11T10:09:18+00:00","twitter_card":"summary_large_image","twitter_misc":{"Gesch\u00e4tzte Lesezeit":"2\u00a0Minuten"},"schema":{"@context":"https:\/\/schema.org","@graph":[{"@type":"WebPage","@id":"https:\/\/guenther-gruppe.de\/isuzu\/impressum\/","url":"https:\/\/guenther-gruppe.de\/isuzu\/impressum\/","name":"Impressum - Autohaus G\u00fcnther GmbH - ISUZU f\u00fcr Hamburg und Ahrensburg","isPartOf":{"@id":"https:\/\/guenther-gruppe.de\/isuzu\/#website"},"datePublished":"2022-08-03T17:07:06+00:00","dateModified":"2025-07-11T10:09:18+00:00","breadcrumb":{"@id":"https:\/\/guenther-gruppe.de\/isuzu\/impressum\/#breadcrumb"},"inLanguage":"de","potentialAction":[{"@type":"ReadAction","target":["https:\/\/guenther-gruppe.de\/isuzu\/impressum\/"]}]},{"@type":"BreadcrumbList","@id":"https:\/\/guenther-gruppe.de\/isuzu\/impressum\/#breadcrumb","itemListElement":[{"@type":"ListItem","position":1,"name":"Startseite","item":"https:\/\/guenther-gruppe.de\/isuzu\/"},{"@type":"ListItem","position":2,"name":"Impressum"}]},{"@type":"WebSite","@id":"https:\/\/guenther-gruppe.de\/isuzu\/#website","url":"https:\/\/guenther-gruppe.de\/isuzu\/","name":"Autohaus G\u00fcnther GmbH - ISUZU f\u00fcr Hamburg und Ahrensburg","description":"Wir sind Ihr ISUZU Vertrags- und Servicepartner f\u00fcr Hamburg und Ahrensburg","publisher":{"@id":"https:\/\/guenther-gruppe.de\/isuzu\/#organization"},"potentialAction":[{"@type":"SearchAction","target":{"@type":"EntryPoint","urlTemplate":"https:\/\/guenther-gruppe.de\/isuzu\/?s={search_term_string}"},"query-input":{"@type":"PropertyValueSpecification","valueRequired":true,"valueName":"search_term_string"}}],"inLanguage":"de"},{"@type":"Organization","@id":"https:\/\/guenther-gruppe.de\/isuzu\/#organization","name":"Autohaus G\u00fcnther GmbH - ISUZU f\u00fcr Hamburg und Ahrensburg","url":"https:\/\/guenther-gruppe.de\/isuzu\/","logo":{"@type":"ImageObject","inLanguage":"de","@id":"https:\/\/guenther-gruppe.de\/isuzu\/#\/schema\/logo\/image\/","url":"https:\/\/guenther-gruppe.de\/isuzu\/wp-content\/uploads\/sites\/11\/2022\/06\/cropped-guenther_logo-isuzu.png","contentUrl":"https:\/\/guenther-gruppe.de\/isuzu\/wp-content\/uploads\/sites\/11\/2022\/06\/cropped-guenther_logo-isuzu.png","width":1898,"height":400,"caption":"Autohaus G\u00fcnther GmbH - ISUZU f\u00fcr Hamburg und Ahrensburg"},"image":{"@id":"https:\/\/guenther-gruppe.de\/isuzu\/#\/schema\/logo\/image\/"}}]}},"_links":{"self":[{"href":"https:\/\/guenther-gruppe.de\/isuzu\/wp-json\/wp\/v2\/pages\/3535","targetHints":{"allow":["GET"]}}],"collection":[{"href":"https:\/\/guenther-gruppe.de\/isuzu\/wp-json\/wp\/v2\/pages"}],"about":[{"href":"https:\/\/guenther-gruppe.de\/isuzu\/wp-json\/wp\/v2\/types\/page"}],"author":[{"embeddable":true,"href":"https:\/\/guenther-gruppe.de\/isuzu\/wp-json\/wp\/v2\/users\/10"}],"replies":[{"embeddable":true,"href":"https:\/\/guenther-gruppe.de\/isuzu\/wp-json\/wp\/v2\/comments?post=3535"}],"version-history":[{"count":4,"href":"https:\/\/guenther-gruppe.de\/isuzu\/wp-json\/wp\/v2\/pages\/3535\/revisions"}],"predecessor-version":[{"id":67934,"href":"https:\/\/guenther-gruppe.de\/isuzu\/wp-json\/wp\/v2\/pages\/3535\/revisions\/67934"}],"wp:attachment":[{"href":"https:\/\/guenther-gruppe.de\/isuzu\/wp-json\/wp\/v2\/media?parent=3535"}],"curies":[{"name":"wp","href":"https:\/\/api.w.org\/{rel}","templated":true}]}}