{"id":317,"date":"2024-10-10T23:58:08","date_gmt":"2024-10-10T21:58:08","guid":{"rendered":"https:\/\/guenther-gruppe.de\/cadillac\/?page_id=317"},"modified":"2025-03-07T15:37:18","modified_gmt":"2025-03-07T14:37:18","slug":"impressum","status":"publish","type":"page","link":"https:\/\/guenther-gruppe.de\/cadillac\/impressum\/","title":{"rendered":"Impressum"},"content":{"rendered":"\t\t<div data-elementor-type=\"wp-page\" data-elementor-id=\"317\" class=\"elementor elementor-317\" data-elementor-post-type=\"page\">\n\t\t\t\t\t\t<section class=\"elementor-section elementor-top-section elementor-element elementor-element-3a7a18d elementor-section-boxed elementor-section-height-default elementor-section-height-default\" data-id=\"3a7a18d\" data-element_type=\"section\" data-settings=\"{&quot;background_background&quot;:&quot;classic&quot;}\">\n\t\t\t\t\t\t<div class=\"elementor-container elementor-column-gap-default\">\n\t\t\t\t\t<div class=\"elementor-column elementor-col-100 elementor-top-column elementor-element elementor-element-f154151\" data-id=\"f154151\" data-element_type=\"column\">\n\t\t\t<div class=\"elementor-widget-wrap elementor-element-populated\">\n\t\t\t\t\t\t<div class=\"elementor-element elementor-element-2345c4f elementor-widget elementor-widget-heading\" data-id=\"2345c4f\" data-element_type=\"widget\" data-widget_type=\"heading.default\">\n\t\t\t\t<div class=\"elementor-widget-container\">\n\t\t\t\t\t<h1 class=\"elementor-heading-title elementor-size-default\">Impressum<\/h1>\t\t\t\t<\/div>\n\t\t\t\t<\/div>\n\t\t\t\t<div class=\"elementor-element elementor-element-77a7c8e elementor-widget elementor-widget-text-editor\" data-id=\"77a7c8e\" data-element_type=\"widget\" data-widget_type=\"text-editor.default\">\n\t\t\t\t<div class=\"elementor-widget-container\">\n\t\t\t\t\t\t\t\t\t<div class=\"tiles-container-15\"><div class=\"l100 m100 s100 column\"><p><b>Autohaus G\u00fcnther GmbH<\/b><br \/>Poppenb\u00fctteler Bogen 33<br \/>22399 Hamburg<\/p><p>Telefon: (040) 63 66 96-0<br \/>Telefax: (040) 63 66 96-66<\/p><p>Handelsregisternr.: HRB 43686<br \/>Handelsregister und Registergericht: Amtsgericht Hamburg<br \/>Umsatzsteueridentifikationsnummer (gem\u00e4\u00df \u00a727a Umsatzsteuergesetz): DE 118636998<br \/>Vertretungsberechtigte(r): Ben G\u00fcnther<br \/>Verantwortlicher i.S.d. \u00a7 18 MStV.: Ben G\u00fcnther<br \/>E-Mail:\u00a0<a href=\"mailto:info@guenther-gruppe.de\" target=\"_blank\" rel=\"noopener\">info@guenther-gruppe.de<\/a><\/p><p>Alle Rechte vorbehalten. Texte, Bilder, Grafiken, Sound, Animationen und Videos unterliegen dem Schutz des Urheberrechts und anderer Schutzgesetze. Der Inhalt dieser Website darf nicht zu kommerziellen Zwecken verbreitet oder Dritten zug\u00e4nglich gemacht werden. Irrt\u00fcmer und \u00c4nderungen vorbehalten.<\/p><p>Sollten wir auf diesen Seiten Verkn\u00fcpfungen zu anderen Seiten im Internet angelegt haben, so haben wir auf s\u00e4mtliche Links keinerlei Einfluss. Deshalb distanzieren wir uns hiermit ausdr\u00fccklich von allen Inhalten der verkn\u00fcpften Seiten. Diese Erkl\u00e4rung gilt f\u00fcr alle auf dieser Seite ausgebrachten Links und f\u00fcr alle Inhalte der Seiten, zu denen ggf. Banner f\u00fchren.<\/p><\/div><p><strong>Streitschlichtung<\/strong><\/p><\/div><p>Die Autohaus G\u00fcnther GmbH erkl\u00e4rt sich bei rechtlichen Konflikten mit Verbrauchern (\u00a7 13 BGB) bereit, an Verbraucherschlichtungsverfahren nach dem Verbraucherstreitbeilegungsgesetz teilzunehmen. Die fu\u0308r die Autohaus G\u00fcnther GmbH zust\u00e4ndige Verbraucherschlichtungsstelle ist die Allgemeine Verbraucherschlichtungsstelle des Zentrums fu\u0308r Schlichtung e.V. Stra\u00dfburger Stra\u00dfe 8, 77694 Kehl am Rhein Telefon 07851 \/ 795 79 40 Fax 07851 \/ 795 79 41 E-Mail: mail@verbraucher-schlichter.de Webseite: www.verbraucher-schlichter.de<\/p><p>Als Onlineh\u00e4ndler sind wir (<a href=\"mailto:info@automobile-guenther.de\">info@automobile-guenther.de<\/a>) verpflichtet, Sie auf die Plattform zur Online-Streitbeilegung (OS) der Europ\u00e4ischen Kommission hinzuweisen. Diese ist \u00fcber die folgende Internetadresse erreichbar:\u00a0<a href=\"http:\/\/ec.europa.eu\/consumers\/odr\/\">http:\/\/ec.europa.eu\/consumers\/odr\/<\/a><\/p>\t\t\t\t\t\t\t\t<\/div>\n\t\t\t\t<\/div>\n\t\t\t\t\t<\/div>\n\t\t<\/div>\n\t\t\t\t\t<\/div>\n\t\t<\/section>\n\t\t\t\t<\/div>\n\t\t","protected":false},"excerpt":{"rendered":"<p>Impressum Autohaus G\u00fcnther GmbHPoppenb\u00fctteler Bogen 3322399 Hamburg Telefon: (040) 63 66 96-0Telefax: (040) 63 66 96-66 Handelsregisternr.: HRB 43686Handelsregister und Registergericht: Amtsgericht HamburgUmsatzsteueridentifikationsnummer (gem\u00e4\u00df \u00a727a Umsatzsteuergesetz): DE 118636998Vertretungsberechtigte(r): Ben G\u00fcntherVerantwortlicher i.S.d. \u00a7 18 MStV.: Ben G\u00fcntherE-Mail:\u00a0info@guenther-gruppe.de Alle Rechte vorbehalten. Texte, Bilder, Grafiken, Sound, Animationen und Videos unterliegen dem Schutz des Urheberrechts und anderer Schutzgesetze. Der [&hellip;]<\/p>\n","protected":false},"author":10,"featured_media":0,"parent":0,"menu_order":0,"comment_status":"closed","ping_status":"closed","template":"","meta":{"_acf_changed":false,"site-sidebar-layout":"no-sidebar","site-content-layout":"page-builder","ast-site-content-layout":"default","site-content-style":"default","site-sidebar-style":"default","ast-global-header-display":"","ast-banner-title-visibility":"","ast-main-header-display":"","ast-hfb-above-header-display":"","ast-hfb-below-header-display":"","ast-hfb-mobile-header-display":"","site-post-title":"disabled","ast-breadcrumbs-content":"","ast-featured-img":"disabled","footer-sml-layout":"","theme-transparent-header-meta":"","adv-header-id-meta":"","stick-header-meta":"","header-above-stick-meta":"","header-main-stick-meta":"","header-below-stick-meta":"","astra-migrate-meta-layouts":"default","ast-page-background-enabled":"default","ast-page-background-meta":{"desktop":{"background-color":"var(--ast-global-color-4)","background-image":"","background-repeat":"repeat","background-position":"center center","background-size":"auto","background-attachment":"scroll","background-type":"","background-media":"","overlay-type":"","overlay-color":"","overlay-opacity":"","overlay-gradient":""},"tablet":{"background-color":"","background-image":"","background-repeat":"repeat","background-position":"center center","background-size":"auto","background-attachment":"scroll","background-type":"","background-media":"","overlay-type":"","overlay-color":"","overlay-opacity":"","overlay-gradient":""},"mobile":{"background-color":"","background-image":"","background-repeat":"repeat","background-position":"center center","background-size":"auto","background-attachment":"scroll","background-type":"","background-media":"","overlay-type":"","overlay-color":"","overlay-opacity":"","overlay-gradient":""}},"ast-content-background-meta":{"desktop":{"background-color":"var(--ast-global-color-5)","background-image":"","background-repeat":"repeat","background-position":"center center","background-size":"auto","background-attachment":"scroll","background-type":"","background-media":"","overlay-type":"","overlay-color":"","overlay-opacity":"","overlay-gradient":""},"tablet":{"background-color":"var(--ast-global-color-5)","background-image":"","background-repeat":"repeat","background-position":"center center","background-size":"auto","background-attachment":"scroll","background-type":"","background-media":"","overlay-type":"","overlay-color":"","overlay-opacity":"","overlay-gradient":""},"mobile":{"background-color":"var(--ast-global-color-5)","background-image":"","background-repeat":"repeat","background-position":"center center","background-size":"auto","background-attachment":"scroll","background-type":"","background-media":"","overlay-type":"","overlay-color":"","overlay-opacity":"","overlay-gradient":""}},"footnotes":""},"class_list":["post-317","page","type-page","status-publish","hentry"],"acf":[],"yoast_head":"<!-- This site is optimized with the Yoast SEO plugin v26.5 - https:\/\/yoast.com\/wordpress\/plugins\/seo\/ -->\n<title>Impressum - Cadillac\u00a0I Autohaus G\u00fcnther GmbH<\/title>\n<meta name=\"robots\" content=\"index, follow, max-snippet:-1, max-image-preview:large, max-video-preview:-1\" \/>\n<link rel=\"canonical\" href=\"https:\/\/guenther-gruppe.de\/cadillac\/impressum\/\" \/>\n<meta property=\"og:locale\" content=\"de_DE\" \/>\n<meta property=\"og:type\" content=\"article\" \/>\n<meta property=\"og:title\" content=\"Impressum - Cadillac\u00a0I Autohaus G\u00fcnther GmbH\" \/>\n<meta property=\"og:description\" content=\"Impressum Autohaus G\u00fcnther GmbHPoppenb\u00fctteler Bogen 3322399 Hamburg Telefon: (040) 63 66 96-0Telefax: (040) 63 66 96-66 Handelsregisternr.: HRB 43686Handelsregister und Registergericht: Amtsgericht HamburgUmsatzsteueridentifikationsnummer (gem\u00e4\u00df \u00a727a Umsatzsteuergesetz): DE 118636998Vertretungsberechtigte(r): Ben G\u00fcntherVerantwortlicher i.S.d. \u00a7 18 MStV.: Ben G\u00fcntherE-Mail:\u00a0info@guenther-gruppe.de Alle Rechte vorbehalten. Texte, Bilder, Grafiken, Sound, Animationen und Videos unterliegen dem Schutz des Urheberrechts und anderer Schutzgesetze. Der [&hellip;]\" \/>\n<meta property=\"og:url\" content=\"https:\/\/guenther-gruppe.de\/cadillac\/impressum\/\" \/>\n<meta property=\"og:site_name\" content=\"Cadillac\u00a0I Autohaus G\u00fcnther GmbH\" \/>\n<meta property=\"article:modified_time\" content=\"2025-03-07T14:37:18+00:00\" \/>\n<meta name=\"twitter:card\" content=\"summary_large_image\" \/>\n<meta name=\"twitter:label1\" content=\"Gesch\u00e4tzte Lesezeit\" \/>\n\t<meta name=\"twitter:data1\" content=\"2\u00a0Minuten\" \/>\n<script type=\"application\/ld+json\" class=\"yoast-schema-graph\">{\"@context\":\"https:\/\/schema.org\",\"@graph\":[{\"@type\":\"WebPage\",\"@id\":\"https:\/\/guenther-gruppe.de\/cadillac\/impressum\/\",\"url\":\"https:\/\/guenther-gruppe.de\/cadillac\/impressum\/\",\"name\":\"Impressum - Cadillac\u00a0I Autohaus G\u00fcnther GmbH\",\"isPartOf\":{\"@id\":\"https:\/\/guenther-gruppe.de\/cadillac\/#website\"},\"datePublished\":\"2024-10-10T21:58:08+00:00\",\"dateModified\":\"2025-03-07T14:37:18+00:00\",\"breadcrumb\":{\"@id\":\"https:\/\/guenther-gruppe.de\/cadillac\/impressum\/#breadcrumb\"},\"inLanguage\":\"de\",\"potentialAction\":[{\"@type\":\"ReadAction\",\"target\":[\"https:\/\/guenther-gruppe.de\/cadillac\/impressum\/\"]}]},{\"@type\":\"BreadcrumbList\",\"@id\":\"https:\/\/guenther-gruppe.de\/cadillac\/impressum\/#breadcrumb\",\"itemListElement\":[{\"@type\":\"ListItem\",\"position\":1,\"name\":\"Startseite\",\"item\":\"https:\/\/guenther-gruppe.de\/cadillac\/\"},{\"@type\":\"ListItem\",\"position\":2,\"name\":\"Impressum\"}]},{\"@type\":\"WebSite\",\"@id\":\"https:\/\/guenther-gruppe.de\/cadillac\/#website\",\"url\":\"https:\/\/guenther-gruppe.de\/cadillac\/\",\"name\":\"Cadillac\u00a0I Autohaus G\u00fcnther GmbH\",\"description\":\"\",\"publisher\":{\"@id\":\"https:\/\/guenther-gruppe.de\/cadillac\/#organization\"},\"potentialAction\":[{\"@type\":\"SearchAction\",\"target\":{\"@type\":\"EntryPoint\",\"urlTemplate\":\"https:\/\/guenther-gruppe.de\/cadillac\/?s={search_term_string}\"},\"query-input\":{\"@type\":\"PropertyValueSpecification\",\"valueRequired\":true,\"valueName\":\"search_term_string\"}}],\"inLanguage\":\"de\"},{\"@type\":\"Organization\",\"@id\":\"https:\/\/guenther-gruppe.de\/cadillac\/#organization\",\"name\":\"Cadillac\u00a0I Autohaus G\u00fcnther GmbH\",\"url\":\"https:\/\/guenther-gruppe.de\/cadillac\/\",\"logo\":{\"@type\":\"ImageObject\",\"inLanguage\":\"de\",\"@id\":\"https:\/\/guenther-gruppe.de\/cadillac\/#\/schema\/logo\/image\/\",\"url\":\"https:\/\/guenther-gruppe.de\/cadillac\/wp-content\/uploads\/sites\/15\/2023\/07\/241014-cadillac-logo-header-neu.png\",\"contentUrl\":\"https:\/\/guenther-gruppe.de\/cadillac\/wp-content\/uploads\/sites\/15\/2023\/07\/241014-cadillac-logo-header-neu.png\",\"width\":372,\"height\":75,\"caption\":\"Cadillac\u00a0I Autohaus G\u00fcnther GmbH\"},\"image\":{\"@id\":\"https:\/\/guenther-gruppe.de\/cadillac\/#\/schema\/logo\/image\/\"}}]}<\/script>\n<!-- \/ Yoast SEO plugin. -->","yoast_head_json":{"title":"Impressum - Cadillac\u00a0I Autohaus G\u00fcnther GmbH","robots":{"index":"index","follow":"follow","max-snippet":"max-snippet:-1","max-image-preview":"max-image-preview:large","max-video-preview":"max-video-preview:-1"},"canonical":"https:\/\/guenther-gruppe.de\/cadillac\/impressum\/","og_locale":"de_DE","og_type":"article","og_title":"Impressum - Cadillac\u00a0I Autohaus G\u00fcnther GmbH","og_description":"Impressum Autohaus G\u00fcnther GmbHPoppenb\u00fctteler Bogen 3322399 Hamburg Telefon: (040) 63 66 96-0Telefax: (040) 63 66 96-66 Handelsregisternr.: HRB 43686Handelsregister und Registergericht: Amtsgericht HamburgUmsatzsteueridentifikationsnummer (gem\u00e4\u00df \u00a727a Umsatzsteuergesetz): DE 118636998Vertretungsberechtigte(r): Ben G\u00fcntherVerantwortlicher i.S.d. \u00a7 18 MStV.: Ben G\u00fcntherE-Mail:\u00a0info@guenther-gruppe.de Alle Rechte vorbehalten. Texte, Bilder, Grafiken, Sound, Animationen und Videos unterliegen dem Schutz des Urheberrechts und anderer Schutzgesetze. Der [&hellip;]","og_url":"https:\/\/guenther-gruppe.de\/cadillac\/impressum\/","og_site_name":"Cadillac\u00a0I Autohaus G\u00fcnther GmbH","article_modified_time":"2025-03-07T14:37:18+00:00","twitter_card":"summary_large_image","twitter_misc":{"Gesch\u00e4tzte Lesezeit":"2\u00a0Minuten"},"schema":{"@context":"https:\/\/schema.org","@graph":[{"@type":"WebPage","@id":"https:\/\/guenther-gruppe.de\/cadillac\/impressum\/","url":"https:\/\/guenther-gruppe.de\/cadillac\/impressum\/","name":"Impressum - Cadillac\u00a0I Autohaus G\u00fcnther GmbH","isPartOf":{"@id":"https:\/\/guenther-gruppe.de\/cadillac\/#website"},"datePublished":"2024-10-10T21:58:08+00:00","dateModified":"2025-03-07T14:37:18+00:00","breadcrumb":{"@id":"https:\/\/guenther-gruppe.de\/cadillac\/impressum\/#breadcrumb"},"inLanguage":"de","potentialAction":[{"@type":"ReadAction","target":["https:\/\/guenther-gruppe.de\/cadillac\/impressum\/"]}]},{"@type":"BreadcrumbList","@id":"https:\/\/guenther-gruppe.de\/cadillac\/impressum\/#breadcrumb","itemListElement":[{"@type":"ListItem","position":1,"name":"Startseite","item":"https:\/\/guenther-gruppe.de\/cadillac\/"},{"@type":"ListItem","position":2,"name":"Impressum"}]},{"@type":"WebSite","@id":"https:\/\/guenther-gruppe.de\/cadillac\/#website","url":"https:\/\/guenther-gruppe.de\/cadillac\/","name":"Cadillac\u00a0I Autohaus G\u00fcnther GmbH","description":"","publisher":{"@id":"https:\/\/guenther-gruppe.de\/cadillac\/#organization"},"potentialAction":[{"@type":"SearchAction","target":{"@type":"EntryPoint","urlTemplate":"https:\/\/guenther-gruppe.de\/cadillac\/?s={search_term_string}"},"query-input":{"@type":"PropertyValueSpecification","valueRequired":true,"valueName":"search_term_string"}}],"inLanguage":"de"},{"@type":"Organization","@id":"https:\/\/guenther-gruppe.de\/cadillac\/#organization","name":"Cadillac\u00a0I Autohaus G\u00fcnther GmbH","url":"https:\/\/guenther-gruppe.de\/cadillac\/","logo":{"@type":"ImageObject","inLanguage":"de","@id":"https:\/\/guenther-gruppe.de\/cadillac\/#\/schema\/logo\/image\/","url":"https:\/\/guenther-gruppe.de\/cadillac\/wp-content\/uploads\/sites\/15\/2023\/07\/241014-cadillac-logo-header-neu.png","contentUrl":"https:\/\/guenther-gruppe.de\/cadillac\/wp-content\/uploads\/sites\/15\/2023\/07\/241014-cadillac-logo-header-neu.png","width":372,"height":75,"caption":"Cadillac\u00a0I Autohaus G\u00fcnther GmbH"},"image":{"@id":"https:\/\/guenther-gruppe.de\/cadillac\/#\/schema\/logo\/image\/"}}]}},"_links":{"self":[{"href":"https:\/\/guenther-gruppe.de\/cadillac\/wp-json\/wp\/v2\/pages\/317","targetHints":{"allow":["GET"]}}],"collection":[{"href":"https:\/\/guenther-gruppe.de\/cadillac\/wp-json\/wp\/v2\/pages"}],"about":[{"href":"https:\/\/guenther-gruppe.de\/cadillac\/wp-json\/wp\/v2\/types\/page"}],"author":[{"embeddable":true,"href":"https:\/\/guenther-gruppe.de\/cadillac\/wp-json\/wp\/v2\/users\/10"}],"replies":[{"embeddable":true,"href":"https:\/\/guenther-gruppe.de\/cadillac\/wp-json\/wp\/v2\/comments?post=317"}],"version-history":[{"count":4,"href":"https:\/\/guenther-gruppe.de\/cadillac\/wp-json\/wp\/v2\/pages\/317\/revisions"}],"predecessor-version":[{"id":493,"href":"https:\/\/guenther-gruppe.de\/cadillac\/wp-json\/wp\/v2\/pages\/317\/revisions\/493"}],"wp:attachment":[{"href":"https:\/\/guenther-gruppe.de\/cadillac\/wp-json\/wp\/v2\/media?parent=317"}],"curies":[{"name":"wp","href":"https:\/\/api.w.org\/{rel}","templated":true}]}}